ine h(0).
407
Let u(x) = 2*x**2 - 888*x - 29446. Give u(-31).
4
Let l(p) = p**3 + 8*p**2 - 9*p - 10. Determine l(-9).
-10
Let d(h) = -14*h**3 + 3*h**2 + h + 3. Calculate d(-2).
125
Let w(x) = -143*x - 6017. Determine w(-42).
-11
Let g(d) = d**3 + 14*d**2 - 22*d - 446. Determine g(-13).
9
Let s(g) = -5*g**2 + 129*g - 285. Determine s(23).
37
Let r(f) = -8*f - 97. What is r(-14)?
15
Let r(k) = 41*k + 2588. Give r(-63).
5
Let j(q) = 4*q**3 - 55*q**2 + 28*q + 13. Calculate j(14).
601
Let n(k) = -11*k**3 + 3*k**2 - 192*k + 190. Determine n(1).
-10
Let c(o) = 3*o**2 - 52*o - 21. Determine c(18).
15
Let n(p) = 2*p**2 - 154*p - 999. Calculate n(-6).
-3
Let j(u) = -53*u - 354. Determine j(-7).
17
Let s(g) = -18*g**3 - 181*g**2 + 179*g + 2. Determine s(1).
-18
Let x(c) = c**2 - 886*c - 4456. Give x(-5).
-1
Let p(s) = -112*s - 665. Give p(-6).
7
Let a(b) = b**3 - 7*b**2 - 56*b + 137. Calculate a(11).
5
Let c(v) = -v**3 - 18*v**2 - 75*v - 7. Calculate c(-7).
-21
Let c(a) = 54*a + 638. Give c(-11).
44
Let d(u) = u**2 - 24*u + 117. Give d(19).
22
Let i(q) = q**3 - 10*q**2 - q - 7. Give i(0).
-7
Let h(d) = 123*d + 170. Give h(-3).
-199
Let t(j) = -18*j + 648. Determine t(10).
468
Let k(g) = -2*g**3 + 52*g**2 - 139*g + 16. Calculate k(23).
-7
Let f(r) = 3*r**3 - 65*r**2 + 148*r - 25. Determine f(2).
35
Let h(y) = 41*y**2 - 46*y - 2. What is h(2)?
70
Let s(o) = 4*o**3 + 28*o**2 + o + 21. Give s(-7).
14
Let n(t) = 3*t**2 - 90*t - 327. Give n(30).
-327
Let d(j) = 5*j + 94. What is d(-19)?
-1
Let x(s) = 3*s**3 - 4*s**2 - 3*s. What is x(-1)?
-4
Let y(c) = -c**3 - 12*c**2 + 41*c - 108. Determine y(-15).
-48
Let i(t) = 151*t + 551. Calculate i(-5).
-204
Let g(r) = 3*r**2 - 60*r + 291. Give g(6).
39
Let k(y) = -y**3 + 14*y**2 + 91*y + 83. Give k(19).
7
Let f(o) = -11*o**2 - 124*o + 248. What is f(2)?
-44
Let v(n) = -n**3 + 22*n**2 - 103*n - 10. Determine v(11).
188
Let k(i) = -18*i**2 + 14*i - 3. Give k(1).
-7
Let w(s) = -22*s**2 - 4*s - 13. What is w(3)?
-223
Let l(q) = q**3 + 7*q**2 - 265*q - 711. Determine l(-19).
-8
Let i(g) = -2*g**2 + 197*g - 4781. Determine i(58).
-83
Let f(d) = -5*d**2 - 16*d - 8. Determine f(-4).
-24
Let c(l) = -9*l**3 - 4*l**2 + 4*l + 10. Give c(-2).
58
Let y(r) = -8*r**3 - 45*r**2 - 8*r + 81. Calculate y(-5).
-4
Let a(n) = -n**3 - 2*n**2 - 3*n + 8. Calculate a(3).
-46
Let h(z) = -z**3 + 32*z**2 - 78*z + 537. Give h(30).
-3
Let y(d) = -d**3 + d**2 + 1015*d + 3008. Give y(-3).
-1
Let y(t) = -2*t + 67. Calculate y(59).
-51
Let n(k) = 72*k**3 + 15*k**2 + 39*k - 53. Calculate n(1).
73
Let c(s) = s**2 + s - 421. What is c(28)?
391
Let y(v) = -4*v**3 - 8*v**2 - 4*v + 8. Determine y(-4).
152
Let y(s) = 51*s**2 + 2*s - 6. Calculate y(2).
202
Let g(n) = -35*n**3 - 2*n**2 + 4*n. Give g(2).
-280
Let w(h) = -9*h - 68. Determine w(4).
-104
Let f(z) = z**2 + 52*z - 1293. What is f(-73)?
240
Let a(n) = -n**3 - 20*n**2 - 42*n - 33. Calculate a(-18).
75
Let d(r) = -4*r - 3. Calculate d(-4).
13
Let n(s) = 42*s**2 + 107*s - 108. What is n(1)?
41
Let q(h) = h**3 + 56*h**2 + 48*h - 391. Calculate q(-55).
-6
Let u(t) = 7*t**2 - 182*t - 5983. Calculate u(-19).
2
Let g(k) = 11*k**2 - 68*k + 84. What is g(5)?
19
Let w(v) = -12*v - 605. Give w(-50).
-5
Let d(l) = l**2 + 67*l + 378. What is d(-59)?
-94
Let a(u) = -2*u**3 - 112*u**2 - 103*u + 90. Determine a(-55).
-295
Let r(x) = -x**3 - 3*x**2 + 49*x - 8. What is r(-9)?
37
Let s(k) = 111*k + 5. What is s(1)?
116
Let m(v) = 749*v + 12730. Determine m(-17).
-3
Let o(h) = -h**3 - 8*h**2 + 3*h + 9. Determine o(-7).
-61
Let b(k) = 10*k + 393. Determine b(-38).
13
Let s(q) = 2*q**2 - 31*q + 86. What is s(10)?
-24
Let m(n) = 3*n**3 + 24*n**2 + 7*n + 15. What is m(-8)?
-41
Let l(k) = 42*k + 185. Give l(10).
605
Let d(j) = j**3 + 20*j**2 - 26*j + 21. Calculate d(-21).
126
Let h(m) = -8*m - 594. What is h(-75)?
6
Let m(o) = -3*o**2 - 5*o + 39. Determine m(4).
-29
Let a(z) = 1364*z - 13675. Give a(10).
-35
Let r(u) = -3*u**2 + 79*u - 341. Determine r(21).
-5
Let n(f) = 5*f - 273. Calculate n(28).
-133
Let h(s) = s**2 + 16*s + 49. Calculate h(-9).
-14
Let q(w) = -183*w**3 - 3*w**2 + 2*w - 1. What is q(1)?
-185
Let r(h) = 270*h - 312. Give r(3).
498
Let u(d) = d**3 - 46*d**2 - 39*d - 379. Calculate u(47).
-3
Let c(o) = o**3 + 10*o**2 - 9*o + 28. What is c(-10)?
118
Let c(q) = 135*q - 80. Calculate c(4).
460
Let d(h) = -h**2 + 9*h + 36. What is d(11)?
14
Let m(a) = 15*a**2 - 2*a - 5. Calculate m(2).
51
Let t(k) = -k**3 - 14*k**2 - 10*k + 76. Give t(-12).
-92
Let n(f) = 6*f**3 - 503*f**2 - 88*f + 292. Give n(84).
-44
Let g(z) = -37*z + 93. Calculate g(3).
-18
Let k(n) = 12*n**2 - 26*n - 17. Determine k(3).
13
Let a(o) = -o**3 - o**2 - 187*o + 18. Determine a(0).
18
Let t(c) = 1488*c - 4459. Determine t(3).
5
Let r(t) = t**2 + 225*t + 3431. What is r(-16)?
87
Let y(t) = 2*t**2 + 2*t - 156. Give y(0).
-156
Let o(s) = -s**2 + 13*s + 191. What is o(20)?
51
Let y(u) = -u**3 - 86*u**2 - 762*u - 174. Determine y(-76).
-22
Let t(i) = -i**2 + 39*i + 58. Determine t(11).
366
Let b(d) = d**3 - 202*d**2 + 365*d + 6987. What is b(200)?
-13
Let n(z) = -z**3 + 25*z**2 - 126*z + 5. Determine n(7).
5
Let t(r) = -435*r - 1303. Determine t(-3).
2
Let b(j) = -j**2 - 15*j - 464. What is b(-29)?
-870
Let b(q) = -2*q**2 + 22*q + 45. Calculate b(-7).
-207
Let x(w) = w**2 - 20*w - 8. Give x(-7).
181
Let s(l) = -l**3 + 2*l**2 + 17*l - 14. Determine s(5).
-4
Let v(q) = -3*q**3 - q**2 + q + 22. Determine v(0).
22
Let s(f) = -8*f**2 + f - 107. Determine s(-11).
-1086
Let a(y) = -4*y + 25. Determine a(-6).
49
Let q(k) = 13*k**2 + 104*k - 208. Determine q(2).
52
Let n(r) = r**3 - 11*r**2 + 23*r - 27. Give n(9).
18
Let x(w) = -2*w**3 - 45*w**2 - 35*w - 330. Determine x(-22).
-44
Let m(s) = -101*s + 1447. Determine m(16).
-169
Let a(k) = -k**3 - 33*k**2 - 61*k + 11. What is a(-31)?
-20
Let g(c) = 828*c - 6629. Give g(8).
-5
Let d(w) = 88*w + 32. Calculate d(-3).
-232
Let l(n) = n**2 + 102*n + 1189. What is l(-13)?
32
Let v(n) = 330*n + 1659. What is v(-5)?
9
Let k(w) = -2*w**3 - 10*w**2 - 11*w + 14. Determine k(-6).
152
Let f(c) = -4*c + 24. Calculate f(6).
0
Let s(k) = k**2 - 707*k + 8331. What is s(12)?
-9
Let y(f) = -f**3 - 5*f**2 - 6*f + 1. Determine y(-6).
73
Let m(t) = -t**3 + 27*t**2 - 190*t + 162. Determine m(11).
8
Let g(z) = -727*z - 10199. Calculate g(-14).
-21
Let a(f) = -f**2 - 27*f + 632. Calculate a(15).
2
Let c(b) = 135*b - 19165. Calculate c(142).
5
Let g(u) = u**3 + 13*u**2 + 22*u + 19. What is g(-9)?
145
Let m(b) = -4*b**2 + 198*b - 99. What is m(49)?
-1
Let s(u) = -2*u**3 - 5*u**2 + 342. Calculate s(0).
342
Let n(q) = 219*q - 1824. Calculate n(8).
-72
Let k(n) = -80*n**2 - 158*n - 1. Calculate k(-3).
-247
Let u(y) = -y**2 - 7*y - 37. Determine u(-13).
-115
Let r(h) = 9*h**2 - 112*h - 415. Give r(-3).
2
Let u(o) = -o**2 + 4*o + 13. What is u(-4)?
-19
Let s(z) = z**3 + 28*z**2 + 7*z + 223. What is s(-28)?
27
Let x(s) = -175*s**3 + s**2 + 4*s + 3. Give x(-1).
175
Let b(r) = -27*r - 6. What is b(5)?
-141
Let g(z) = -9*z**2 - 141*z + 126. Calculate g(-17).
-78
Let u(s) = 512*s + 20985. Give u(-41).
-7
Let n(x) = 295*x - 1132. Determine n(4).
48
Let z(d) = 3*d**2 + 50*d - 65. What is z(-17)?
-48
Let u(p) = 987*p - 4930. Calculate u(5).
5
Let x(j) = -126*j - 4920. What is x(-39)?
-6
Let o(a) = -79*a + 1581. What is o(20)?
1
Let c(i) = i**2 + 34*i - 205. Determine c(-42).
131
Let f(r) = 988*r - 2865. Determine f(3).
99
Let m(j) = -469*j + 1413. Determine m(3).
6
Let z(w) = 8*w + 110. Determine z(-5).
70
Let j(g) = -g**3 - 11*g**2 - g + 61. Calculate j(-10).
-29
Let k(o) = -58*o**3 - 6*o - 6. What is k(-1)?
58
Let j(c) = 13*c - 48. Calculate j(1).
-35
Let t(d) = -d**3 - 78*d**2 - 295*d + 22. Calculate t(-74).
-52
Let b(u) = -2*u**2 + 122*u + 253. Determine b(63).
1
Let s(h) = 9*h**3 - 10*h**2 + 20*h - 36. Give s(2).
36
Let b(d) = 44*d - 1715. Determine b(40).
45
Let c(n) = n**2 - 338*n + 2367. Give c(7).
50
Let a(d) = -845*d - 1685. Determine a(-2).
5
Let q(f) = 2*f**3 + 18*f**2 + 10*f + 8. Calculate q(-12).
-976
Let j(g) = -g**2 - 303*g - 15447. Determine j(-65).
23
Let v(x) = 105*x - 1005. What is v(9)?
-60
Let v(c) = c**3 - 11*c**2 - 28*c + 17. Calculate v(13).
-9
Let b(o) = -5*o**3 + 328*o**2 - 515*o - 39. Determine b(64).
-231
Let c(p) = p**3 